g**2 - 4*g + 3. Let n be d(-8). Suppose -4*z - n = -7*z. Suppose -22 - z = -5*l. Is l prime?
True
Let i(z) = z**3 - 2*z**2 - 8*z. Let h be (8/6)/(4/15). Is i(h) prime?
False
Let h be (-4)/1*((-15)/(-6) + -3). Suppose 2*b - 3600 = -2*b + h*c, 0 = 5*b - 5*c - 4495. Is b a composite number?
True
Let z(v) = -5*v - 8. Let n be z(-7). Suppose 0 = 2*h - 6, 2*h - n = -2*i - 1. Is 4/10 + 2106/i composite?
False
Let y be (-14)/(-1) + 8 + -11. Suppose c = 5*r + 131 + 122, -3*c = -3*r - 711. Is (c*-1)/(y + -12) prime?
True
Suppose 3*x = 2*s - s - 16, -2*s + 3*x + 20 = 0. Suppose -2*u + 15 = u + y, s = -2*u + 4*y. Suppose 236 = -u*f + 8*f. Is f composite?
False
Let a = -50 - -52. Suppose a*y + 89 = 3*y. Is y prime?
True
Let f = -7 + -54. Let h be (f - 0)*8*-1. Suppose 0 = -g + h + 9. Is g prime?
False
Suppose 2*k = -5*l + 227, -5*k = -2*l - 1 + 115. Is l prime?
True
Let m(s) = 203*s**2 + 26*s + 1. Is m(6) a prime number?
False
Let t(s) = s**3 - 7*s**2 + 3*s + 10. Let i be t(6). Let h(b) = -b**3 - 9*b**2 - 8*b + 10. Let o be h(i). Is 5/(o/6) - -216 prime?
False
Suppose 4*f = -z - 4*z + 114597, 0 = -z + 4*f + 22929. Is z a prime number?
True
Suppose -3*i - 5 = -8*i. Let n = i - -2. Suppose 3*t - 1269 = 3*b, n*t + 5*b = t + 818. Is t a prime number?
True
Let h(c) = -802*c + 5. Let t(k) = -802*k + 6. Let m(s) = 5*h(s) - 4*t(s). Is m(-1) composite?
True
Let y = -1353 - -2747. Let s = -835 + 120. Let w = y + s. Is w a composite number?
True
Suppose -17 - 63 = 5*j. Let s = j - -19. Suppose -s*q - 370 = -2*w, -4*w - q = q - 772. Is w prime?
True
Let d = 279 + -231. Suppose 0 = -4*c - 3*y - 4 + 25, -c = -y. Suppose 247 = 2*a - 5*i + d, 4*a - c*i = 391. Is a composite?
False
Suppose 16*p - 422 = 14*p. Is p a prime number?
True
Let p(q) = 4*q**2 + 1. Let x be p(1). Suppose 2*n - 4*c - 4480 = 202, -c + 11661 = x*n. Is n composite?
False
Let o = 1358 - 540. Is o a prime number?
False
Let k(c) = 1 + 4 + 22*c - 2 + 4. Let f(z) = -45*z - 14. Let d(b) = 6*f(b) + 13*k(b). Is d(5) a composite number?
True
Let u be 1 + 2 + 1090 + 0. Let d = 48 + u. Is d composite?
True
Suppose -5*k + 5*u = 0, -2*u + 1 = 4*k - 17. Suppose i = k*i. Suppose i = -p + 5*p - 564. Is p prime?
False
Suppose 2*t - 6*t = 0. Suppose 3*q - 3679 + 14 = -4*c, t = -2*c - 2*q + 1832. Is c a prime number?
False
Suppose 0 = 306*q - 300*q - 36294. Is q prime?
False
Suppose -3 - 6 = -t. Let b = t - 12. Is 115 + -5 + (0 - b) prime?
True
Let u(k) = -k**2 + 25*k - 23. Is u(15) a composite number?
False
Suppose 5*b - 3*b = 10. Suppose 3 = 2*k - 3. Suppose -5*y = 2*g - 87, k*g + b*y - y = 141. Is g a composite number?
True
Let q(a) = -42*a**3 - a**2 + a - 3. Let i be q(-2). Let v = 634 - i. Is v prime?
True
Suppose -9*d = -14*d + 16255. Is d a prime number?
True
Suppose -6*c + h = -143053, 5*c - 5*h + 7*h - 119225 = 0. Is c a prime number?
False
Let a = 59317 - 31082. Is a prime?
False
Suppose -b + 8 = 3*b. Suppose 0 = b*m - m - 2, -4*n + 2*m = -4240. Is n a prime number?
True
Is (-24622)/(-14) + 38/133 composite?
False
Let a = 21 - 15. Suppose 3*k - r = 348, 3*k - a*r + 3*r = 348. Let q = 273 - k. Is q a composite number?
False
Let v(n) = 70*n - 12. Let k be v(1). Suppose 125 = -q + 4*z, -z = -3*z. Let d = k - q. Is d a prime number?
False
Let j(v) = 49*v - 86*v + 1 - 89*v. Suppose -4*x = 4 + 4. Is j(x) prime?
False
Let q(w) = -w**3 + 9*w**2 + w - 6. Let t be q(9). Suppose -v - x = -0*v, -1 = -3*v - 2*x. Suppose 2*n - t = v. Is n a composite number?
False
Let i(p) = 654*p - 71. Is i(10) prime?
True
Let a(v) = 721*v**2 - 133*v - 1. Is a(6) prime?
False
Suppose 17 + 23 = 8*a. Suppose -a*i - 858 + 3113 = 0. Is i a composite number?
True
Let w be 10/(-2 + 4) + 1. Let c = 0 - w. Is 4/12 - 772/c composite?
True
Is 2/6*-1 + 155974/21 composite?
True
Is (-492)/8*(9 + -11) composite?
True
Suppose c = 6*c + 620. Let w be (3 + 6/(-4))*c. Is (-3)/(-1) - w/6 composite?
True
Suppose 6*w = 2*d + 2*w - 25978, 5*d + w = 64945. Is d a composite number?
True
Suppose 9*y + 390 = -6*y. Let c be (-5)/(-20) - 1226/8. Let h = y - c. Is h a prime number?
True
Let p(s) = 36*s**3 + 2*s**2 + 4*s + 3. Let x(a) = -145*a**3 - 7*a**2 - 16*a - 11. Let h(c) = -9*p(c) - 2*x(c). Is h(-3) a prime number?
False
Let i = 40011 - 26978. Is i a composite number?
False
Is 6/(-4) - (5960/(-16) - 8) a composite number?
False
Let q(f) = 280*f**2 + 10*f + 6. Let m be q(-6). Suppose 5*j = -j + m. Is j composite?
True
Let u = 13298 + -3165. Is u prime?
True
Let t be 99/121 + 2/11. Suppose -5*x + t = -19. Is 20/25*50/x composite?
True
Suppose -6*u = u - 13853. Is u a composite number?
False
Let r(m) = m**3 - 21*m**2 - 5*m - 58. Is r(27) a prime number?
False
Let s(a) = 7*a**2 + 22*a - 118. Is s(-33) composite?
False
Is (-3 - -7456) + -6 + 0 + 4 a prime number?
True
Suppose -5 = -3*g + 1. Suppose -5*q + 991 - 117 = 2*z, 4*z - g*q = 1700. Is z a prime number?
False
Suppose 0 = -g - 3*g. Suppose 369 = -z + 4*v, g = 5*v + 2 - 22. Let r = 652 + z. Is r prime?
False
Suppose -n + 4 = -5*k + 3*n, 3 = -3*k + 3*n. Suppose k*p = -4*p + 2704. Let j = p + -423. Is j a prime number?
False
Let h(g) = g**3 - 14*g**2 - 13*g - 16. Let n be h(16). Suppose -3*s + 7*s = -2*t + n, -645 = -5*t + 5*s. Is t composite?
True
Suppose 9*y - 15*y = -6. Is 236/y - ((-2)/2 - -2) composite?
True
Let j(v) = -4 - 12 + 31*v + 12. Let o(z) = -z**2 + 3*z + 3. Let f be o(3). Is j(f) prime?
True
Let m(n) = 2*n**2 - 2*n + 2959. Is m(0) composite?
True
Let l(o) = o**3 - 10*o**2 + 11*o - 13. Let d(w) = w + 17. Let p be d(-7). Is l(p) prime?
True
Let d = -8627 - -19866. Is d a composite number?
False
Suppose -8*k + 24707 = 5275. Is k a composite number?
True
Suppose 2664 = 2*d - 5*d. Let i = d - -8315. Is i a composite number?
True
Let w(x) be the first derivative of -13*x**4/4 + 7*x**2/2 + x - 29. Is w(-3) a composite number?
False
Let i = 4 - 1. Suppose 0 = -i*g - 0*g + 5553. Is 6/(-15) - g/(-15) prime?
False
Let g = 895 + 3268. Is g a composite number?
True
Suppose 5*r - 6*r = 2*t - 859, r - 428 = -t. Is t prime?
True
Let l = 6255 + 45568. Is l a composite number?
True
Let b be 12/(-9) - (-57)/9. Suppose -b*z + 1674 = 369. Suppose q + p - 38 = 54, 2*p = 3*q - z. Is q a prime number?
True
Let i = -2522 + 4195. Is i a prime number?
False
Let z be 32/10 + (-3)/15. Let n be (z/(-9))/(2/(-30)). Suppose -w = -2*r - 0*w + 60, 165 = n*r + 5*w. Is r prime?
True
Suppose 2*v = -2*v - 8. Is 17/((-2)/12*v) prime?
False
Suppose -2*l + 0 + 14 = 2*m, m = -5*l + 27. Suppose 3*x = 12, m*x + 564 = 2*h + 2*h. Is h prime?
False
Let z = 89 - -204. Is z composite?
False
Let a(j) be the third derivative of j**6/120 - j**5/12 - j**4/24 - 4*j**3/3 + 2*j**2. Is a(7) composite?
False
Suppose -4*w - 9 = -k, -2*k + 5 = 4*w + w. Suppose -a = 4*s - 1590, -k*a - 509 = 5*s - 2504. Is s prime?
True
Let c(k) = -2*k + 8. Let d be c(3). Suppose -5*m = -d*j + 12, 2*j - 3 = -5*m - 11. Is m/4*(-419 + -11) a prime number?
False
Let i = -746 - -2379. Is i a composite number?
True
Suppose -j = -4*n + 73728, -j + 2*j = -4*n + 73736. Is n a prime number?
True
Let c be 0 + 2/(-4) + (-8)/16. Is 3 + (-110)/c - 4/2 prime?
False
Is ((-130)/(-52))/((-5)/(-14474)) a composite number?
False
Let b = -81 + 103. Let k be (-150)/(-4) + 1/(-2). Let d = k - b. Is d a prime number?
False
Let y(p) = -p**3 + p**2 + 5*p - 4. Let j be y(3). Let u(i) = -2*i**3 - 4*i**2 + 4*i - 5. Is u(j) composite?
False
Suppose -4*z + g = -5 - 15, 0 = z - g - 5. Suppose -5*x = 0, 3*s + 0*x - 2007 = z*x. Is s composite?
True
Suppose 20*j - 24*j + 3*b = -18946, 4*j + 3*b - 18934 = 0. Is j composite?
True
Suppose -d - 1090 = -0*d + n, -5*d - 5446 = 4*n. Let b = -648 - d. Is (0 - -1)/1 + b composite?
False
Let u be -1538 - 9/(-15)*(-6 - -1). Let m = -654 - u. Is m a prime number?
True
Let x = 202 + 106. Let q(b) = 2*b - 3. Let o be q(3). Suppose 3*r = s - 77, 4*s + o*r - x = -0*s. Is s a composite number?
True
Suppose -4*v - 4*l = -37568, 0 = v + 5*l - 4607 - 4789. Is v a composite number?
False
Suppose 0 = -5*b - 0*b. Suppose b = 4*f - 3*f - 184. Suppose 1099 = 5*d + f. Is d a prime number?
False
Suppose 5*s = -2*y + 163857, 20*s - 131082 = 16*s + 2*y. Is s prime?
True
Let c be (-21)/(0 + (-12)/(-8)). Let o be (-10)/(-25) + c/10. Is (-2)/o - 154/(-2) a composite number?
False
Suppose